{"id":210108,"date":"2019-12-01T16:52:22","date_gmt":"2019-12-01T15:52:22","guid":{"rendered":"https:\/\/fors.fr\/uncategorized\/pad-desactivation-rf\/"},"modified":"2026-03-13T12:00:25","modified_gmt":"2026-03-13T11:00:25","slug":"pad-desactivation-rf","status":"publish","type":"product","link":"https:\/\/fors.fr\/en\/options-and-accessories\/pad-desactivation-rf\/","title":{"rendered":"Pad de d\u00e9sactivation RF"},"content":{"rendered":"<p><strong>Pad de d\u00e9sactivation RF Fors :<\/strong><\/p>\n<p>Le pad de d\u00e9sactivation se couple \u00e0 un bo\u00eetier pour la\u00a0d\u00e9sactivation des \u00e9tiquettes RF.<\/p>\n<p>Il peut se positionner\u00a0de 3 sortes en fonction de l\u2019implantation en magasin :<\/p>\n<div id=\"attachment_55319\" style=\"width: 565px\" class=\"wp-caption alignnone\"><img loading=\"lazy\" decoding=\"async\" aria-describedby=\"caption-attachment-55319\" class=\"size-full wp-image-55319\" src=\"https:\/\/fors.fr\/medias\/WooCommerce_Produits\/Solutions_EAS\/Fonctionnement-d\u00e9sactivation-douchette.jpg\" alt=\"Fonctionnement d\u00e9sactivation douchette\" width=\"555\" height=\"319\" srcset=\"https:\/\/fors.fr\/medias\/WooCommerce_Produits\/Solutions_EAS\/Fonctionnement-d\u00e9sactivation-douchette.jpg 555w, https:\/\/fors.fr\/medias\/WooCommerce_Produits\/Solutions_EAS\/Fonctionnement-d\u00e9sactivation-douchette-300x172.jpg 300w, https:\/\/fors.fr\/medias\/WooCommerce_Produits\/Solutions_EAS\/Fonctionnement-d\u00e9sactivation-douchette-400x230.jpg 400w, https:\/\/fors.fr\/medias\/WooCommerce_Produits\/Solutions_EAS\/Fonctionnement-d\u00e9sactivation-douchette-480x276.jpg 480w\" sizes=\"(max-width: 555px) 100vw, 555px\" \/><p id=\"caption-attachment-55319\" class=\"wp-caption-text\">Fonctionnement de la d\u00e9sactivation pour caisse \u00e9quip\u00e9e de douchettes : Le Pad peut \u00eatre plac\u00e9 au choix en position 1, 2 ou 3.<\/p><\/div>\n","protected":false},"excerpt":{"rendered":"<p>Pad de D\u00e9sactivation RF<br \/>\nVendu \u00e0 l&#8217;unit\u00e9<\/p>\n","protected":false},"featured_media":55343,"template":"","meta":{"_et_pb_use_builder":"","_et_pb_old_content":"","_et_gb_content_width":""},"product_brand":[],"product_cat":[1401],"product_tag":[1690,1427],"class_list":{"0":"post-210108","1":"product","2":"type-product","3":"status-publish","4":"has-post-thumbnail","6":"product_cat-options-and-accessories","7":"product_tag-deactivator","8":"product_tag-rf-en","9":"pa_technologie-rf-en-2","11":"first","12":"instock","13":"taxable","14":"shipping-taxable","15":"purchasable","16":"product-type-simple"},"yoast_head":"<!-- This site is optimized with the Yoast SEO plugin v27.5 - https:\/\/yoast.com\/product\/yoast-seo-wordpress\/ -->\n<title>Etiquettes Antivol RF : Pas de d\u00e9sactivation | FORS France<\/title>\n<meta name=\"description\" content=\"Pad d\u00e9sactivation RF 315 mm\" \/>\n<meta name=\"robots\" content=\"index, follow, max-snippet:-1, max-image-preview:large, max-video-preview:-1\" \/>\n<link rel=\"canonical\" href=\"https:\/\/fors.fr\/en\/options-and-accessories\/pad-desactivation-rf\/\" \/>\n<meta property=\"og:locale\" content=\"en_US\" \/>\n<meta property=\"og:type\" content=\"article\" \/>\n<meta property=\"og:title\" content=\"Etiquettes Antivol RF : Pas de d\u00e9sactivation | FORS France\" \/>\n<meta property=\"og:description\" content=\"Pad d\u00e9sactivation RF 315 mm\" \/>\n<meta property=\"og:url\" content=\"https:\/\/fors.fr\/en\/options-and-accessories\/pad-desactivation-rf\/\" \/>\n<meta property=\"og:site_name\" content=\"Fors Anti-Theft\" \/>\n<meta property=\"article:publisher\" content=\"https:\/\/www.facebook.com\/forsantitheft\/\" \/>\n<meta property=\"article:modified_time\" content=\"2026-03-13T11:00:25+00:00\" \/>\n<meta property=\"og:image\" content=\"https:\/\/fors.fr\/medias\/WooCommerce_Produits\/Solutions_EAS\/RF-pad.jpg\" \/>\n\t<meta property=\"og:image:width\" content=\"607\" \/>\n\t<meta property=\"og:image:height\" content=\"606\" \/>\n\t<meta property=\"og:image:type\" content=\"image\/jpeg\" \/>\n<meta name=\"twitter:card\" content=\"summary_large_image\" \/>\n<meta name=\"twitter:site\" content=\"@fors_france\" \/>\n<script type=\"application\/ld+json\" class=\"yoast-schema-graph\">{\"@context\":\"https:\\\/\\\/schema.org\",\"@graph\":[{\"@type\":\"WebPage\",\"@id\":\"https:\\\/\\\/fors.fr\\\/en\\\/options-and-accessories\\\/pad-desactivation-rf\\\/\",\"url\":\"https:\\\/\\\/fors.fr\\\/en\\\/options-and-accessories\\\/pad-desactivation-rf\\\/\",\"name\":\"Etiquettes Antivol RF : Pas de d\u00e9sactivation | FORS France\",\"isPartOf\":{\"@id\":\"https:\\\/\\\/fors.fr\\\/en\\\/#website\"},\"primaryImageOfPage\":{\"@id\":\"https:\\\/\\\/fors.fr\\\/en\\\/options-and-accessories\\\/pad-desactivation-rf\\\/#primaryimage\"},\"image\":{\"@id\":\"https:\\\/\\\/fors.fr\\\/en\\\/options-and-accessories\\\/pad-desactivation-rf\\\/#primaryimage\"},\"thumbnailUrl\":\"https:\\\/\\\/fors.fr\\\/medias\\\/WooCommerce_Produits\\\/Solutions_EAS\\\/RF-pad.jpg\",\"datePublished\":\"2019-12-01T15:52:22+00:00\",\"dateModified\":\"2026-03-13T11:00:25+00:00\",\"description\":\"Pad d\u00e9sactivation RF 315 mm\",\"breadcrumb\":{\"@id\":\"https:\\\/\\\/fors.fr\\\/en\\\/options-and-accessories\\\/pad-desactivation-rf\\\/#breadcrumb\"},\"inLanguage\":\"en-US\",\"potentialAction\":[{\"@type\":\"ReadAction\",\"target\":[\"https:\\\/\\\/fors.fr\\\/en\\\/options-and-accessories\\\/pad-desactivation-rf\\\/\"]}]},{\"@type\":\"ImageObject\",\"inLanguage\":\"en-US\",\"@id\":\"https:\\\/\\\/fors.fr\\\/en\\\/options-and-accessories\\\/pad-desactivation-rf\\\/#primaryimage\",\"url\":\"https:\\\/\\\/fors.fr\\\/medias\\\/WooCommerce_Produits\\\/Solutions_EAS\\\/RF-pad.jpg\",\"contentUrl\":\"https:\\\/\\\/fors.fr\\\/medias\\\/WooCommerce_Produits\\\/Solutions_EAS\\\/RF-pad.jpg\",\"width\":607,\"height\":606},{\"@type\":\"BreadcrumbList\",\"@id\":\"https:\\\/\\\/fors.fr\\\/en\\\/options-and-accessories\\\/pad-desactivation-rf\\\/#breadcrumb\",\"itemListElement\":[{\"@type\":\"ListItem\",\"position\":1,\"name\":\"FORS\",\"item\":\"https:\\\/\\\/fors.fr\\\/en\\\/\"},{\"@type\":\"ListItem\",\"position\":2,\"name\":\"Shop\",\"item\":\"https:\\\/\\\/fors.fr\\\/en\\\/shop\\\/\"},{\"@type\":\"ListItem\",\"position\":3,\"name\":\"Pad de d\u00e9sactivation RF\"}]},{\"@type\":\"WebSite\",\"@id\":\"https:\\\/\\\/fors.fr\\\/en\\\/#website\",\"url\":\"https:\\\/\\\/fors.fr\\\/en\\\/\",\"name\":\"FORS Anti-Theft\",\"description\":\"Anti-theft against shoplifting\",\"publisher\":{\"@id\":\"https:\\\/\\\/fors.fr\\\/en\\\/#organization\"},\"alternateName\":\"Fors\",\"potentialAction\":[{\"@type\":\"SearchAction\",\"target\":{\"@type\":\"EntryPoint\",\"urlTemplate\":\"https:\\\/\\\/fors.fr\\\/en\\\/?s={search_term_string}\"},\"query-input\":{\"@type\":\"PropertyValueSpecification\",\"valueRequired\":true,\"valueName\":\"search_term_string\"}}],\"inLanguage\":\"en-US\"},{\"@type\":\"Organization\",\"@id\":\"https:\\\/\\\/fors.fr\\\/en\\\/#organization\",\"name\":\"Fors\",\"alternateName\":\"Fors Anti-Theft\",\"url\":\"https:\\\/\\\/fors.fr\\\/en\\\/\",\"logo\":{\"@type\":\"ImageObject\",\"inLanguage\":\"en-US\",\"@id\":\"https:\\\/\\\/fors.fr\\\/en\\\/#\\\/schema\\\/logo\\\/image\\\/\",\"url\":\"https:\\\/\\\/fors.fr\\\/medias\\\/favico_512.png\",\"contentUrl\":\"https:\\\/\\\/fors.fr\\\/medias\\\/favico_512.png\",\"width\":512,\"height\":512,\"caption\":\"Fors\"},\"image\":{\"@id\":\"https:\\\/\\\/fors.fr\\\/en\\\/#\\\/schema\\\/logo\\\/image\\\/\"},\"sameAs\":[\"https:\\\/\\\/www.facebook.com\\\/forsantitheft\\\/\",\"https:\\\/\\\/x.com\\\/fors_france\",\"https:\\\/\\\/www.linkedin.com\\\/company\\\/245351\\\/\",\"https:\\\/\\\/www.youtube.com\\\/user\\\/ForsFrance\\\/\",\"https:\\\/\\\/www.companeo.com\\\/portiques-de-securite\\\/annuaire\\\/fors-france\",\"https:\\\/\\\/www.europages.fr\\\/FORS-FRANCE\\\/FRA310174-000009382001.html\",\"https:\\\/\\\/www.pagesjaunes.fr\\\/pros\\\/07584984\"]}]}<\/script>\n<!-- \/ Yoast SEO plugin. -->","yoast_head_json":{"title":"Etiquettes Antivol RF : Pas de d\u00e9sactivation | FORS France","description":"Pad d\u00e9sactivation RF 315 mm","robots":{"index":"index","follow":"follow","max-snippet":"max-snippet:-1","max-image-preview":"max-image-preview:large","max-video-preview":"max-video-preview:-1"},"canonical":"https:\/\/fors.fr\/en\/options-and-accessories\/pad-desactivation-rf\/","og_locale":"en_US","og_type":"article","og_title":"Etiquettes Antivol RF : Pas de d\u00e9sactivation | FORS France","og_description":"Pad d\u00e9sactivation RF 315 mm","og_url":"https:\/\/fors.fr\/en\/options-and-accessories\/pad-desactivation-rf\/","og_site_name":"Fors Anti-Theft","article_publisher":"https:\/\/www.facebook.com\/forsantitheft\/","article_modified_time":"2026-03-13T11:00:25+00:00","og_image":[{"width":607,"height":606,"url":"https:\/\/fors.fr\/medias\/WooCommerce_Produits\/Solutions_EAS\/RF-pad.jpg","type":"image\/jpeg"}],"twitter_card":"summary_large_image","twitter_site":"@fors_france","schema":{"@context":"https:\/\/schema.org","@graph":[{"@type":"WebPage","@id":"https:\/\/fors.fr\/en\/options-and-accessories\/pad-desactivation-rf\/","url":"https:\/\/fors.fr\/en\/options-and-accessories\/pad-desactivation-rf\/","name":"Etiquettes Antivol RF : Pas de d\u00e9sactivation | FORS France","isPartOf":{"@id":"https:\/\/fors.fr\/en\/#website"},"primaryImageOfPage":{"@id":"https:\/\/fors.fr\/en\/options-and-accessories\/pad-desactivation-rf\/#primaryimage"},"image":{"@id":"https:\/\/fors.fr\/en\/options-and-accessories\/pad-desactivation-rf\/#primaryimage"},"thumbnailUrl":"https:\/\/fors.fr\/medias\/WooCommerce_Produits\/Solutions_EAS\/RF-pad.jpg","datePublished":"2019-12-01T15:52:22+00:00","dateModified":"2026-03-13T11:00:25+00:00","description":"Pad d\u00e9sactivation RF 315 mm","breadcrumb":{"@id":"https:\/\/fors.fr\/en\/options-and-accessories\/pad-desactivation-rf\/#breadcrumb"},"inLanguage":"en-US","potentialAction":[{"@type":"ReadAction","target":["https:\/\/fors.fr\/en\/options-and-accessories\/pad-desactivation-rf\/"]}]},{"@type":"ImageObject","inLanguage":"en-US","@id":"https:\/\/fors.fr\/en\/options-and-accessories\/pad-desactivation-rf\/#primaryimage","url":"https:\/\/fors.fr\/medias\/WooCommerce_Produits\/Solutions_EAS\/RF-pad.jpg","contentUrl":"https:\/\/fors.fr\/medias\/WooCommerce_Produits\/Solutions_EAS\/RF-pad.jpg","width":607,"height":606},{"@type":"BreadcrumbList","@id":"https:\/\/fors.fr\/en\/options-and-accessories\/pad-desactivation-rf\/#breadcrumb","itemListElement":[{"@type":"ListItem","position":1,"name":"FORS","item":"https:\/\/fors.fr\/en\/"},{"@type":"ListItem","position":2,"name":"Shop","item":"https:\/\/fors.fr\/en\/shop\/"},{"@type":"ListItem","position":3,"name":"Pad de d\u00e9sactivation RF"}]},{"@type":"WebSite","@id":"https:\/\/fors.fr\/en\/#website","url":"https:\/\/fors.fr\/en\/","name":"FORS Anti-Theft","description":"Anti-theft against shoplifting","publisher":{"@id":"https:\/\/fors.fr\/en\/#organization"},"alternateName":"Fors","potentialAction":[{"@type":"SearchAction","target":{"@type":"EntryPoint","urlTemplate":"https:\/\/fors.fr\/en\/?s={search_term_string}"},"query-input":{"@type":"PropertyValueSpecification","valueRequired":true,"valueName":"search_term_string"}}],"inLanguage":"en-US"},{"@type":"Organization","@id":"https:\/\/fors.fr\/en\/#organization","name":"Fors","alternateName":"Fors Anti-Theft","url":"https:\/\/fors.fr\/en\/","logo":{"@type":"ImageObject","inLanguage":"en-US","@id":"https:\/\/fors.fr\/en\/#\/schema\/logo\/image\/","url":"https:\/\/fors.fr\/medias\/favico_512.png","contentUrl":"https:\/\/fors.fr\/medias\/favico_512.png","width":512,"height":512,"caption":"Fors"},"image":{"@id":"https:\/\/fors.fr\/en\/#\/schema\/logo\/image\/"},"sameAs":["https:\/\/www.facebook.com\/forsantitheft\/","https:\/\/x.com\/fors_france","https:\/\/www.linkedin.com\/company\/245351\/","https:\/\/www.youtube.com\/user\/ForsFrance\/","https:\/\/www.companeo.com\/portiques-de-securite\/annuaire\/fors-france","https:\/\/www.europages.fr\/FORS-FRANCE\/FRA310174-000009382001.html","https:\/\/www.pagesjaunes.fr\/pros\/07584984"]}]}},"_links":{"self":[{"href":"https:\/\/fors.fr\/en\/wp-json\/wp\/v2\/product\/210108","targetHints":{"allow":["GET"]}}],"collection":[{"href":"https:\/\/fors.fr\/en\/wp-json\/wp\/v2\/product"}],"about":[{"href":"https:\/\/fors.fr\/en\/wp-json\/wp\/v2\/types\/product"}],"wp:featuredmedia":[{"embeddable":true,"href":"https:\/\/fors.fr\/en\/wp-json\/wp\/v2\/media\/55343"}],"wp:attachment":[{"href":"https:\/\/fors.fr\/en\/wp-json\/wp\/v2\/media?parent=210108"}],"wp:term":[{"taxonomy":"product_brand","embeddable":true,"href":"https:\/\/fors.fr\/en\/wp-json\/wp\/v2\/product_brand?post=210108"},{"taxonomy":"product_cat","embeddable":true,"href":"https:\/\/fors.fr\/en\/wp-json\/wp\/v2\/product_cat?post=210108"},{"taxonomy":"product_tag","embeddable":true,"href":"https:\/\/fors.fr\/en\/wp-json\/wp\/v2\/product_tag?post=210108"}],"curies":[{"name":"wp","href":"https:\/\/api.w.org\/{rel}","templated":true}]}}

Pad de désactivation RF

<p><strong>Pad de désactivation RF Fors :</strong></p>
<p>Le pad de désactivation se couple à un boîtier pour la désactivation des étiquettes RF.</p>
<p>Il peut se positionner de 3 sortes en fonction de l’implantation en magasin :</p>
<div id="attachment_55319" style="width: 565px" class="wp-caption alignnone"><img loading="lazy" decoding="async" aria-describedby="caption-attachment-55319" class="size-full wp-image-55319" src="https://fors.fr/medias/WooCommerce_Produits/Solutions_EAS/Fonctionnement-désactivation-douchette.jpg" alt="Fonctionnement désactivation douchette" width="555" height="319" srcset="https://fors.fr/medias/WooCommerce_Produits/Solutions_EAS/Fonctionnement-désactivation-douchette.jpg 555w, https://fors.fr/medias/WooCommerce_Produits/Solutions_EAS/Fonctionnement-désactivation-douchette-300x172.jpg 300w, https://fors.fr/medias/WooCommerce_Produits/Solutions_EAS/Fonctionnement-désactivation-douchette-400x230.jpg 400w, https://fors.fr/medias/WooCommerce_Produits/Solutions_EAS/Fonctionnement-désactivation-douchette-480x276.jpg 480w" sizes="(max-width: 555px) 100vw, 555px" /><p id="caption-attachment-55319" class="wp-caption-text">Fonctionnement de la désactivation pour caisse équipée de douchettes : Le Pad peut être placé au choix en position 1, 2 ou 3.</p></div>

<p>Pad de Désactivation RF<br />
Vendu à l&#8217;unité</p>

<!-- This site is optimized with the Yoast SEO plugin v27.5 - https://yoast.com/product/yoast-seo-wordpress/ -->
<title>Etiquettes Antivol RF : Pas de désactivation | FORS France</title>
<meta name="description" content="Pad désactivation RF 315 mm" />
<meta name="robots" content="index, follow, max-snippet:-1, max-image-preview:large, max-video-preview:-1" />
<link rel="canonical" href="https://fors.fr/en/options-and-accessories/pad-desactivation-rf/" />
<meta property="og:locale" content="en_US" />
<meta property="og:type" content="article" />
<meta property="og:title" content="Etiquettes Antivol RF : Pas de désactivation | FORS France" />
<meta property="og:description" content="Pad désactivation RF 315 mm" />
<meta property="og:url" content="https://fors.fr/en/options-and-accessories/pad-desactivation-rf/" />
<meta property="og:site_name" content="Fors Anti-Theft" />
<meta property="article:publisher" content="https://www.facebook.com/forsantitheft/" />
<meta property="article:modified_time" content="2026-03-13T11:00:25+00:00" />
<meta property="og:image" content="https://fors.fr/medias/WooCommerce_Produits/Solutions_EAS/RF-pad.jpg" />
	<meta property="og:image:width" content="607" />
	<meta property="og:image:height" content="606" />
	<meta property="og:image:type" content="image/jpeg" />
<meta name="twitter:card" content="summary_large_image" />
<meta name="twitter:site" content="@fors_france" />
<script type="application/ld+json" class="yoast-schema-graph">{"@context":"https:\/\/schema.org","@graph":[{"@type":"WebPage","@id":"https:\/\/fors.fr\/en\/options-and-accessories\/pad-desactivation-rf\/","url":"https:\/\/fors.fr\/en\/options-and-accessories\/pad-desactivation-rf\/","name":"Etiquettes Antivol RF : Pas de désactivation | FORS France","isPartOf":{"@id":"https:\/\/fors.fr\/en\/#website"},"primaryImageOfPage":{"@id":"https:\/\/fors.fr\/en\/options-and-accessories\/pad-desactivation-rf\/#primaryimage"},"image":{"@id":"https:\/\/fors.fr\/en\/options-and-accessories\/pad-desactivation-rf\/#primaryimage"},"thumbnailUrl":"https:\/\/fors.fr\/medias\/WooCommerce_Produits\/Solutions_EAS\/RF-pad.jpg","datePublished":"2019-12-01T15:52:22+00:00","dateModified":"2026-03-13T11:00:25+00:00","description":"Pad désactivation RF 315 mm","breadcrumb":{"@id":"https:\/\/fors.fr\/en\/options-and-accessories\/pad-desactivation-rf\/#breadcrumb"},"inLanguage":"en-US","potentialAction":[{"@type":"ReadAction","target":["https:\/\/fors.fr\/en\/options-and-accessories\/pad-desactivation-rf\/"]}]},{"@type":"ImageObject","inLanguage":"en-US","@id":"https:\/\/fors.fr\/en\/options-and-accessories\/pad-desactivation-rf\/#primaryimage","url":"https:\/\/fors.fr\/medias\/WooCommerce_Produits\/Solutions_EAS\/RF-pad.jpg","contentUrl":"https:\/\/fors.fr\/medias\/WooCommerce_Produits\/Solutions_EAS\/RF-pad.jpg","width":607,"height":606},{"@type":"BreadcrumbList","@id":"https:\/\/fors.fr\/en\/options-and-accessories\/pad-desactivation-rf\/#breadcrumb","itemListElement":[{"@type":"ListItem","position":1,"name":"FORS","item":"https:\/\/fors.fr\/en\/"},{"@type":"ListItem","position":2,"name":"Shop","item":"https:\/\/fors.fr\/en\/shop\/"},{"@type":"ListItem","position":3,"name":"Pad de désactivation RF"}]},{"@type":"WebSite","@id":"https:\/\/fors.fr\/en\/#website","url":"https:\/\/fors.fr\/en\/","name":"FORS Anti-Theft","description":"Anti-theft against shoplifting","publisher":{"@id":"https:\/\/fors.fr\/en\/#organization"},"alternateName":"Fors","potentialAction":[{"@type":"SearchAction","target":{"@type":"EntryPoint","urlTemplate":"https:\/\/fors.fr\/en\/?s={search_term_string}"},"query-input":{"@type":"PropertyValueSpecification","valueRequired":true,"valueName":"search_term_string"}}],"inLanguage":"en-US"},{"@type":"Organization","@id":"https:\/\/fors.fr\/en\/#organization","name":"Fors","alternateName":"Fors Anti-Theft","url":"https:\/\/fors.fr\/en\/","logo":{"@type":"ImageObject","inLanguage":"en-US","@id":"https:\/\/fors.fr\/en\/#\/schema\/logo\/image\/","url":"https:\/\/fors.fr\/medias\/favico_512.png","contentUrl":"https:\/\/fors.fr\/medias\/favico_512.png","width":512,"height":512,"caption":"Fors"},"image":{"@id":"https:\/\/fors.fr\/en\/#\/schema\/logo\/image\/"},"sameAs":["https:\/\/www.facebook.com\/forsantitheft\/","https:\/\/x.com\/fors_france","https:\/\/www.linkedin.com\/company\/245351\/","https:\/\/www.youtube.com\/user\/ForsFrance\/","https:\/\/www.companeo.com\/portiques-de-securite\/annuaire\/fors-france","https:\/\/www.europages.fr\/FORS-FRANCE\/FRA310174-000009382001.html","https:\/\/www.pagesjaunes.fr\/pros\/07584984"]}]}</script>
<!-- / Yoast SEO plugin. -->

Etiquettes Antivol RF : Pas de désactivation | FORS France

Pad désactivation RF 315 mm
